inder when l is divided by 5.
3
Let l = 7 - -1. Suppose 5*o - 5 - 2 = 2*z, -5*o + 5*z - 5 = 0. What is the remainder when 4/l + (-68)/(-8) is divided by o?
0
Suppose 41 = 2*z - 5*b, -5*b - 21 = -z - 2*b. Calculate the remainder when z is divided by 11.
7
Suppose -u - 23 - 17 = 0. Let q = u - -57. What is the remainder when 48 is divided by q?
14
Let r(q) = -7*q**3 - 2*q**2 - 3*q - 3. Calculate the remainder when r(-2) is divided by 13.
12
What is the remainder when 62 is divided by (-2)/(-7) + ((-204)/(-21) - -3)?
10
Let w be (-5)/2*8/(-4). Suppose -w*p + 0*x = -x - 150, -62 = -3*p - 5*x. What is the remainder when p is divided by 8?
5
Let h be 6*(-1)/(-2)*2. Let z = h - 3. Let i(o) = o + 1. What is the remainder when i(z) is divided by 2?
0
Suppose 5*m + 0*m - 11 = 2*y, -4*y = -5*m + 7. Suppose m*n - 44 - 22 = 0. Calculate the remainder when n is divided by 8.
6
Let n(z) = -11*z. Let r be n(-1). Let j = r + 2. Suppose 2*a + f - 17 = -4, 0 = -5*a + 2*f + 37. Calculate the remainder when j is divided by a.
6
Suppose 21 - 1 = 2*w. Suppose 5*x - w = 0, 3 - 8 = -5*u + 5*x. Suppose -f - 52 = -u*h - 6*f, -4*h + 31 = -f. Calculate the remainder when 16 is divided by h.
7
Suppose 5*w - 10 = 2*t + 74, -5*w + 72 = 4*t. Calculate the remainder when 61 is divided by w.
13
What is the remainder when 29 is divided by 6/18*0 - (-34)/2?
12
Let g = 119 - 81. What is the remainder when g is divided by 12?
2
Calculate the remainder when ((-564)/(-15))/(8/20) is divided by 25.
19
Suppose -2*l + 4*n + 42 = 0, 5*n - 37 = -2*l - 4. Calculate the remainder when l is divided by 11.
8
What is the remainder when 0/2 - (-44 - -5) is divided by 14?
11
Suppose 0 = -3*g + d + 24, 3*g + 3*d - 8 - 16 = 0. Suppose 5*i = 7 + g. Calculate the remainder when 15/(-2)*(-12)/18 is divided by i.
2
Let q(a) = 20*a**2 + 2*a - 1. Let z be q(1). Suppose -z + 5 = -w. What is the remainder when w is divided by 6?
4
Let r(k) = 2*k + 1. Let f be 14/6 - (-10)/15. Suppose 4*d + f*x = 37, 2*x - 44 = -3*d + 3*x. Calculate the remainder when d is divided by r(2).
3
Let l(c) = -4*c**3 + c**2 - 1. Let b be l(-1). Suppose -2*v - h + 8 = 0, -b*v - 5*h = -6*h - 10. What is the remainder when 11 is divided by v?
2
Let w be ((-4)/(-6))/(2/36). Let c = w + -7. Calculate the remainder when 8 is divided by c.
3
Suppose 0 = -4*l + 7*l - 90. Calculate the remainder when l is divided by 11.
8
Let v(l) = -3*l + 20. Calculate the remainder when 13 is divided by v(5).
3
Suppose 3*i + 77 = 266. Calculate the remainder when i is divided by 16.
15
Suppose 204 = 2*p - u, 0*p = -p + 2*u + 102. Calculate the remainder when p is divided by 13.
11
Let x(y) = -4*y - 1. Let p be x(2). Let r(d) = -d**3 - 9*d**2 - 3*d + 5. What is the remainder when r(p) is divided by 11?
10
Suppose 3*p + 4*t - 70 = 0, -4*p + t + 7 = -80. Let z(c) = c**3 - 11*c**2 + 7*c - 12. What is the remainder when z(11) is divided by p?
21
Suppose -i = 4*i + 5*z - 5, z = 1. Suppose -4*s - s + 65 = i. What is the remainder when 64 is divided by s?
12
Let h(v) = -2*v - 5. Let c be h(-3). What is the remainder when 41 is divided by (13/(-39))/(c/(-33))?
8
Let l = 15 - 10. Suppose -l*t = -22 - 18. Suppose 4*p - 5*q - 20 = 57, 2*p - 58 = -4*q. What is the remainder when p is divided by t?
7
Suppose -2*k - y = -4*k + 31, 4*y + 7 = -k. Suppose -5 = -0*o - o. Suppose -2*g - 8 = -2*r, 12 = o*g - g. What is the remainder when k is divided by r?
6
Let g = -11 - -25. Calculate the remainder when 49 is divided by g.
7
Let h(f) = 0*f - 4 - 11*f + 5*f. Calculate the remainder when 78 is divided by h(-4).
18
Suppose -w + 10 + 1 = 0. Suppose 3*z - 2 = 4. Suppose z*v - s = 44, s + 56 = 2*v - 3*s. Calculate the remainder when v is divided by w.
9
What is the remainder when 35 is divided by 18/12*(-16)/(-3)?
3
Suppose -5*h - v + 105 = -6*v, -v = 4. What is the remainder when 58 is divided by -2 + h + 2 + -2?
13
Suppose -3*z - x + 32 = 0, 5*z = -0*x + 2*x + 46. Let o = z + 21. Calculate the remainder when o is divided by (2 + 9)*(-2)/(-2).
9
Let y(l) = l**3 + 10*l**2 - 13*l - 1. Calculate the remainder when y(-11) is divided by 8.
5
Let i = 75 - 49. What is the remainder when i is divided by 19?
7
Suppose 1 = 2*u + 2*z + 3, z + 5 = 3*u. Calculate the remainder when 1 is divided by u.
0
Let t(v) = 3*v - 3. Let a(i) = 1. Let d(l) = 6*a(l) + t(l). Calculate the remainder when d(5) is divided by 7.
4
Let r(d) = d**3 - 2*d**2 - 2*d + 3. What is the remainder when ((-187)/22)/((-3)/12) is divided by r(3)?
4
Let k = 20 + -12. What is the remainder when k is divided by 2?
0
Suppose 0 = 4*z + 4*p, 5*p - p + 4 = -5*z. Let g = 12 - z. What is the remainder when 47 is divided by g?
15
Suppose -2*s + 43 = 5*b, 0 = -b - 3 - 2. Calculate the remainder when 101 is divided by s.
33
Suppose 4*s = -3*t + 35, 2*s - 5*t - 28 = 9. Suppose -2*z - 60 = -5*z. What is the remainder when z is divided by s?
9
Let t(q) = 15*q - 1. Let u = 8 - 7. Calculate the remainder when 27 is divided by t(u).
13
Let z = -215 - -343. What is the remainder when z is divided by 33?
29
Suppose -3*c - 18 = -6*c + 3*n, -c = 3*n - 22. Calculate the remainder when 49 is divided by c.
9
Suppose -5*f + 64 + 16 = 0. What is the remainder when (424/f)/(2/4) is divided by 18?
17
Suppose -f + 6*f + 52 = -2*d, -31 = d + 5*f. Suppose -28*h - 144 = -24*h. Let m = d - h. What is the remainder when m is divided by 9?
6
Suppose 2*o - 28 = 4*v, 3*o - 74 = -v - 18. Calculate the remainder when (-2 - -1)/(2/(-68)) is divided by o.
16
Suppose y = 6*y - 40. What is the remainder when 29 is divided by y?
5
Let w = 56 - 33. Let j(b) = b**2 - 1. Calculate the remainder when w is divided by j(3).
7
Let r = 18 - 19. Let z(x) = -22*x + 1. What is the remainder when z(r) is divided by 5?
3
Let s = 123 - 85. Calculate the remainder when s is divided by 10.
8
Suppose 2*z + 0 + 2 = 2*b, -3*b = 4*z - 10. Suppose b*q = -2*q, -2*h = 4*q - 6. Let d = h - -1. Calculate the remainder when d is divided by 3.
1
Suppose 0 = 3*r + 5 - 20. Calculate the remainder when 8 is divided by r.
3
Let q(l) = -l**2 + 20*l - 37. Calculate the remainder when q(17) is divided by 8*(1/1 + 0).
6
Let s be 80/(-12) - (-6)/9. Calculate the remainder when 25 is divided by (14/s)/((-4)/24).
11
Let n(z) = z**2 - 5*z + 4. Let a be n(3). Let y be -1 + a + (-14)/(-2). What is the remainder when (0 - -14)/(y/10) is divided by 12?
11
Suppose 28 = 2*u - 3*m, 4*u + 4*m - 2*m = 88. Let v(r) = 2*r**2 + 12*r + 3. What is the remainder when v(-9) is divided by u?
17
Calculate the remainder when 19*(-3 + 2 + 2) is divided by 7.
5
Let y(u) = 25*u**2 + 1. Suppose 5*h + 20 = -3*q, 3*q - 5*q = 5*h + 15. Calculate the remainder when y(h) is divided by 7.
5
Calculate the remainder when 64 is divided by (1*-1)/(-3 - (-455)/154).
20
Let n be 6/8*2*-2. Calculate the remainder when (-1 - n)*29/2 is divided by 15.
14
Let x(t) be the third derivative of -t**5/60 - t**4/4 + 3*t**3/2 - 2*t**2. Let s be x(-8). What is the remainder when 13 is divided by (-47)/(-7) + (-2)/s?
6
Suppose -4*d + 32 = -j - 71, j = 5. Calculate the remainder when 80 is divided by d.
26
Suppose 0 = a - 41 - 12. Let s = 19 - 5. Calculate the remainder when a is divided by s.
11
Suppose 0 = 6*z - 2*z - 2*k - 46, 0 = z + 2*k - 19. Calculate the remainder when 63 is divided by z.
11
Let v = -2 - 0. Calculate the remainder when 4 - (-1 + (-1 - v)) is divided by 3.
1
Suppose -2*a - 6 = a, 5*a = k - 13. Let r(z) = -2 - 2 + 8 - z. What is the remainder when r(-3) is divided by k?
1
Let l = 69 - 61. What is the remainder when 10 is divided by l?
2
Suppose 2*q - 92 = 3*o - 33, -q + 29 = -2*o. Calculate the remainder when q is divided by 8.
7
Let x = 112 - 69. What is the remainder when x is divided by (1 - 3) + 17/1?
13
Let d be -1 - -1 - (11 - 1). Let j(p) = p**2 + 8*p + 3. Calculate the remainder when j(d) is divided by 6.
5
Let h = -29 - -46. Suppose y + j - 3 = 4*j, 53 = 5*y + 4*j. Calculate the remainder when h is divided by y.
8
Suppose 0 = l - 3*l + 14. Calculate the remainder when 9 is divided by l.
2
Let o(s) = s**2 - s + 1. Suppose 0 = -k - 7 + 3. Calculate the remainder when o(k) is divided by 12.
9
Let f = 1 - -2. Let v = f - -1. What is the remainder when 2/v - 88/(-16) is divided by 4?
2
Suppose -4*s = -n - 0 - 2, 11 = 5*